What are the prime factors of 371381?
23, 67, 241
List the prime factors of 751608.
2, 3, 11, 13, 73
What are the prime factors of 102803?
223, 461
What are the prime factors of 191518?
2, 31, 3089
What are the prime factors of 587228?
2, 146807
List the prime factors of 230888.
2, 7, 19, 31
What are the prime factors of 6891158?
2, 83, 41513
What are the prime factors of 824317?
13, 63409
What are the prime factors of 141574?
2, 71, 997
List the prime factors of 748668.
2, 3, 89, 701
What are the prime factors of 22568?
2, 7, 13, 31
List the prime factors of 444464.
2, 27779
List the prime factors of 586076.
2, 146519
What are the prime factors of 3449008?
2, 215563
List the prime factors of 216684.
2, 3, 13, 463
List the prime factors of 162338.
2, 11, 47, 157
What are the prime factors of 15188717?
23, 660379
List the prime factors of 95576.
2, 13, 919
List the prime factors of 4012201.
43, 93307
List the prime factors of 33835.
5, 67, 101
What are the prime factors of 495278?
2, 7, 17, 2081
What are the prime factors of 1131720?
2, 3, 5, 9431
List the prime factors of 1261543.
19, 67, 991
List the prime factors of 2157247.
2157247
What are the prime factors of 16102685?
5, 29, 111053
List the prime factors of 1206112.
2, 37691
What are the prime factors of 4282348?
2, 7, 152941
List the prime factors of 943452.
2, 3, 73, 359
List the prime factors of 499800.
2, 3, 5, 7, 17
What are the prime factors of 6636090?
2, 3, 5, 221203
List the prime factors of 10940985.
3, 5, 11, 23, 31
List the prime factors of 641358.
2, 3, 37, 107
What are the prime factors of 9053622?
2, 3, 17, 29587
List the prime factors of 4534422.
2, 3, 755737
List the prime factors of 886212.
2, 3, 103, 239
List the prime factors of 18305798.
2, 7, 1307557
List the prime factors of 1653197.
7, 13, 37, 491
What are the prime factors of 1433017?
1433017
What are the prime factors of 1950175?
5, 78007
What are the prime factors of 220454?
2, 13, 61, 139
What are the prime factors of 446205?
3, 5, 151, 197
List the prime factors of 2256483.
3, 241, 3121
List the prime factors of 9292843.
7, 19, 107, 653
List the prime factors of 1824670.
2, 5, 182467
What are the prime factors of 18969094?
2, 1511, 6277
List the prime factors of 473723.
473723
What are the prime factors of 4155470?
2, 5, 11, 37, 1021
List the prime factors of 157069.
11, 109, 131
List the prime factors of 373287.
3, 124429
What are the prime factors of 16154424?
2, 3, 11, 13, 523
What are the prime factors of 749904?
2, 3, 17, 919
List the prime factors of 305861.
305861
List the prime factors of 5971539.
3, 7, 17, 43, 389
List the prime factors of 85813.
7, 13, 23, 41
What are the prime factors of 44428?
2, 29, 383
What are the prime factors of 7517211?
3, 13, 192749
What are the prime factors of 5847155?
5, 19, 61, 1009
List the prime factors of 349606.
2, 67, 2609
List the prime factors of 7444888.
2, 11, 7691
What are the prime factors of 13602126?
2, 3, 503, 4507
List the prime factors of 48623.
48623
What are the prime factors of 2629791?
3, 47, 6217
What are the prime factors of 206837?
397, 521
What are the prime factors of 694365?
3, 5, 7, 17, 389
What are the prime factors of 1431989?
13, 59, 1867
List the prime factors of 747361.
747361
What are the prime factors of 285082?
2, 7, 2909
What are the prime factors of 1322034?
2, 3, 7, 31477
What are the prime factors of 1708467?
3, 211, 2699
What are the prime factors of 235539?
3, 26171
What are the prime factors of 6211062?
2, 3, 11, 13, 19, 127
List the prime factors of 1363271.
7, 13, 71, 211
List the prime factors of 12755076.
2, 3, 163, 6521
List the prime factors of 1048904.
2, 131113
What are the prime factors of 369400?
2, 5, 1847
What are the prime factors of 12443453?
11, 1131223
List the prime factors of 41560.
2, 5, 1039
What are the prime factors of 591845?
5, 118369
List the prime factors of 493931.
493931
List the prime factors of 84780.
2, 3, 5, 157
What are the prime factors of 67191?
3, 22397
List the prime factors of 2305922.
2, 41, 61, 461
List the prime factors of 5516794.
2, 2758397
List the prime factors of 6395440.
2, 5, 79943
What are the prime factors of 9599113?
9599113
List the prime factors of 69527.
251, 277
What are the prime factors of 1444314?
2, 3, 240719
List the prime factors of 209266.
2, 19, 5507
What are the prime factors of 14016107?
7, 286043
List the prime factors of 48038.
2, 24019
List the prime factors of 921912.
2, 3, 107, 359
List the prime factors of 729476.
2, 11, 59, 281
List the prime factors of 1716953.
7, 245279
What are the prime factors of 610992?
2, 3, 4243
What are the prime factors of 15830868?
2, 3, 29, 45491
List the prime factors of 300573.
3, 7, 13, 367
What are the prime factors of 404974?
2, 17, 43, 277
What are the prime factors of 1286907?
3, 47, 9127
What are the prime factors of 1848389?
233, 7933
What are the prime factors of 8057869?
733, 10993
What are the prime factors of 6258433?
127, 49279
What are the prime factors of 5096203?
7, 73, 9973
List the prime factors of 3136630.
2, 5, 7, 44809
List the prime factors of 1514699.
19, 29, 2749
What are the prime factors of 92862?
2, 3, 7, 11, 67
List the prime factors of 106094.
2, 53047
What are the prime factors of 52280?
2, 5, 1307
List the prime factors of 2577257.
311, 8287
List the prime factors of 357095.
5, 71419
What are the prime factors of 122354?
2, 131, 467
What are the prime factors of 14572585?
5, 47, 62011
What are the prime factors of 2073055?
5, 414611
What are the prime factors of 316483?
19, 16657
What are the prime factors of 3145208?
2, 11, 103, 347
List the prime factors of 20744237.
41, 271, 1867
List the prime factors of 1134844.
2, 61, 4651
List the prime factors of 69378.
2, 3, 31, 373
List the prime factors of 4986174.
2, 3, 41, 20269
What are the prime factors of 120900?
2, 3, 5, 13, 31
What are the prime factors of 1162844?
2, 290711
List the prime factors of 963110.
2, 5, 19, 37, 137
List the prime factors of 537906.
2, 3, 37, 2423
List the prime factors of 389314.
2, 37, 5261
What are the prime factors of 759096?
2, 3, 13, 811
List the prime factors of 2532.
2, 3, 211
List the prime factors of 22397.
22397
What are the prime factors of 200741?
191, 1051
What are the prime factors of 225357?
3, 11, 6829
List the prime factors of 89338.
2, 19, 2351
List the prime factors of 11364184.
2, 13, 113, 967
What are the prime factors of 423105?
3, 5, 67, 421
What are the prime factors of 551542?
2, 97, 2843
List the prime factors of 421739.
421739
What are the prime factors of 5309436?
2, 3, 11, 19, 29, 73
List the prime factors of 484420.
2, 5, 53, 457
What are the prime factors of 1364849?
41, 33289
List the prime factors of 718247.
73, 9839
List the prime factors of 1615072.
2, 41, 1231
List the prime factors of 82681.
89, 929
What are the prime factors of 71786?
2, 11, 13, 251
What are the prime factors of 827610?
2, 3, 5, 7, 563
List the prime factors of 2183386.
2, 113, 9661
What are the prime factors of 9398344?
2, 1174793
What are the prime factors of 424085?
5, 89, 953
List the prime factors of 694905.
3, 5, 46327
What are the prime factors of 7010876?
2, 1752719
List the prime factors of 163656.
2, 3, 2273
What are the prime factors of 3215343?
3, 41, 26141
What are the prime factors of 811425?
3, 5, 31, 349
What are the prime factors of 15514869?
3, 5171623
List the prime factors of 17299879.
17299879
What are the prime factors of 347126?
2, 13, 79
List the prime factors of 305720.
2, 5, 7643
List the prime factors of 1729152.
2, 3, 19, 79
What are the prime factors of 13126?
2, 6563
What are the prime factors of 220256?
2, 6883
What are the prime factors of 3230809?
3230809
What are the prime factors of 16390600?
2, 5, 81953
What are the prime factors of 4502178?
2, 3, 17, 14713
List the prime factors of 3215804.
2, 617, 1303
What are the prime factors of 842355?
3, 5, 18719
What are the prime factors of 2099837?
2099837
List the prime factors of 2170315.
5, 7, 59, 1051
What are the prime factors of 10732422?
2, 3, 167, 10711
List the prime factors of 6517893.
3, 19, 41, 2789
List the prime factors of 250165.
5, 50033
What are the prime factors of 131263?
11, 11933
What are the prime factors of 32